{"id":52,"date":"2018-04-04T21:07:53","date_gmt":"2018-04-05T00:07:53","guid":{"rendered":"http:\/\/www.quilombhoje.com.br\/site\/?page_id=52"},"modified":"2023-12-14T04:42:03","modified_gmt":"2023-12-14T07:42:03","slug":"calendario-afro","status":"publish","type":"page","link":"https:\/\/www.quilombhoje.com.br\/site\/calendario-afro\/","title":{"rendered":"CALEND\u00c1RIO AFRO"},"content":{"rendered":"<p><img width=\"480\" height=\"68\" src=\"http:\/\/www.quilombhoje.com.br\/site\/wp-content\/uploads\/2018\/05\/titulo1.gif\" alt=\"\" decoding=\"async\" loading=\"lazy\" \/>\t\t\t\t\t\t\t\t\t\t\t<\/p>\n<p style=\"text-align: center;\"><b><a style=\"color: #ffff00;\" href=\"#janeiro\">Janeiro<\/a> &#8211; <a style=\"color: #ffff00;\" href=\"#fevereiro\">Fevereiro<\/a> &#8211; <a style=\"color: #ffff00;\" href=\"#marco\">Mar\u00e7o<\/a> &#8211; <a style=\"color: #ffff00;\" href=\"#abril\">Abril<\/a> &#8211; <a style=\"color: #ffff00;\" href=\"#maio\">Maio<\/a> &#8211; <a style=\"color: #ffff00;\" href=\"#junho\">Junho<\/a><\/b><\/p>\n<p style=\"text-align: center;\"><b><a style=\"color: #ffff00;\" href=\"#julho\">Julho<\/a> &#8211; <a style=\"color: #ffff00;\" href=\"#agosto\">Agosto<\/a> &#8211; <a style=\"color: #ffff00;\" href=\"#setembro\">Setembro<\/a> &#8211; <a style=\"color: #ffff00;\" href=\"#outubro\">Outubro<\/a> &#8211; <a style=\"color: #ffff00;\" href=\"#novembro\">Novembro<\/a> &#8211; <a style=\"color: #ffff00;\" href=\"#dezembro\">Dezembro<\/a><\/b><\/p>\n<p style=\"text-align: center;\"><b>Organizado por m\u00eas\/dia &#8211; evento\/ano<\/b><\/p>\n<p><b><a id=\"JANEIRO\"><\/a>JANEIRO<\/b><\/p>\n<p><b>01 &#8211; Dia Mundial da Paz<br \/> 01 &#8211; Independ\u00eancia do Haiti \/1804<br \/> 02 &#8211; Funda\u00e7\u00e3o da Irmandade do Ros\u00e1rio dos Homens Pretos, em S\u00e3o Paulo, SP \/1771<br \/> 03 &#8211; Funda\u00e7\u00e3o da Uni\u00e3o dos Homens de Cor de Porto Alegre, RS \/ 1943<br \/> 06 &#8211; Circula pela primeira vez o jornal O Clarim da Alvorada, organizado por Jos\u00e9 Correia Leite e Jayme de Aguiar\/ 1924<br \/> 06 &#8211; Nascimento de Juliano Moreira, m\u00e9dico psiquiatra considerado pai da psiquiatria brasileira, em Salvador, BA \/ 1873<br \/> 08 &#8211; Fundado o Congresso Nacional Africano &#8211; CNA &#8211; \u00c1frica do Sul \/1913<br \/> 15 &#8211; Nasce Martin Luther King Jr. \/ 1929<br \/> 15 &#8211; O governo baiano suprime a exig\u00eancia de registro especial para templos de ritos afro-brasileiros<br \/> 20 &#8211; Assassinado pela pol\u00edcia portuguesa Am\u00edlcar Cabral, poeta revolucion\u00e1rio, lutador pela liberdade da Guin\u00e9 e Cabo Verde<br \/> 24 &#8211; Revolta dos Mal\u00eas, na Bahia \/1835<br \/> 26 &#8211; Nasce Angela Davis, EUA<br \/> 29 &#8211; Morre Jos\u00e9 do Patroc\u00ednio, o &#8220;Tigre da Aboli\u00e7\u00e3o&#8221; , jornalista negro e ativista da causa abolicionista<br \/> 31 &#8211; Nascimento, em 1582, de Nzinga, rainha de Angola de 1633 a 1663<\/b><\/p>\n<p><b>FEVEREIRO<\/b><\/p>\n<p><b>01 &#8211; Nascimento, em Minas Gerais, da antrop\u00f3loga e fil\u00f3sofa L\u00e9lia Gonzalez, intelectual e militante \/ 1935<br \/> 02 &#8211; Dia de Iemanj\u00e1<br \/> 06 &#8211; Nasce o cantor e compositor Bob Marley \/ 1945<br \/> 07 &#8211; Nascimento de Clementina de Jesus da Silva, Valen\u00e7a\/RJ \/1902<br \/> 09 &#8211; Nasce a escritora Alice Walker, na Ge\u00f3rgia, EUA \/ 1944<br \/> 11 &#8211; Libertado Nelson Mandela, depois de 27 anos de pris\u00e3o, na \u00c1frica do Sul \/1990<br \/> 12 &#8211; Nascimento de Arlindo Veiga dos Santos, acad\u00eamico e primeiro Presidente da Frente Negra Brasileira (ver 16\/9) \/ 1902<br \/> 12 &#8211; Admitido o primeiro universit\u00e1rio negro na Universidade de Alabama &#8211; EUA \/1956<br \/> 13 &#8211; Assassinato de Patrice Lumumba &#8211; Congo \/1961<br \/> 14 &#8211; Morre a escritora Carolina Maria de Jesus, autora, dentre outros livros, de Quarto de Despejo<br \/> 18 &#8211; Morre o poeta, compositor, ator e teatr\u00f3logo Solano Trindade \/ 1974<br \/> 19 &#8211; W.E.B. Dubois organiza o Primeiro Congresso Pan-africano em Paris \/ 1919<br \/> 19 &#8211; Carter G. Woodson cria, nos EUA, a &#8220;Negro History Week&#8221;, atualmente o &#8220;Black History Month&#8221; (M\u00eas da Hist\u00f3ria Negra) \/ 1926<br \/> 21 &#8211; Morre assassinado Malcom X \/ 1965<br \/> 23 &#8211; Nasce William Edward Burghardt Dubois, doutor em Filosofia e pai do pan-africanismo contempor\u00e2neo<br \/> 26 &#8211; As pot\u00eancias europ\u00e9ias repartem o continente africano \/1885<br \/> <\/b><b>28 &#8211; Cria\u00e7\u00e3o do Quilombhoje Literatura \/ 1980<\/b><\/p>\n<p><b><a id=\"marco\"><\/a>MAR\u00c7O<\/b><\/p>\n<p><b>02 &#8211; Ocorre o primeiro carnaval de escolas de samba do Rio de Janeiro, RJ \/ 1935<br \/>04 &#8211; Morreu o poeta Lino Guedes, em S\u00e3o Paulo, SP \/ 1951<br \/>06 &#8211; Gana \u00e9 o primeiro pa\u00eds da \u00c1frica Negra a tornar-se independente\/1957<br \/>06 &#8211; Aboli\u00e7\u00e3o da escravatura no Equador \/ 1854<br \/>07 &#8211; Grande Marcha pelos direitos civis, de Selma \u00e0 Montgomery, liderada por Martin Luther King, Jr. \/ 1963<br \/>08 &#8211; Dia Internacional da Mulher<br \/>14 &#8211; Nasce Abdias do Nascimento, ex-senador, criador do teatro Experimental do Negro (ver 13\/10) \/ 1914<br \/>14 \u2013 Nasce a escritora Carolina de Jesus, em Sacramento, MG \/ 1914<br \/>14 &#8211; Morte do franciscano negro Santo Antonio de Categer\u00f3 \/ 1549<br \/>21 &#8211; Dia Internacional pela Elimina\u00e7\u00e3o da Discrimina\u00e7\u00e3o Racial, em mem\u00f3ria das v\u00edtimas do massacre de Shapeville, na \u00c1frica do Sul \/ 1960<br \/>21 &#8211; Zumbi dos Palmares \u00e9 inclu\u00eddo na galeria dos her\u00f3is nacionais \/ 1997<br \/>21 &#8211; Independ\u00eancia da Eti\u00f3pia \/ 1975<br \/>21 &#8211; Independ\u00eancia da Nam\u00edbia \/ 1990<br \/>22 &#8211; Aboli\u00e7\u00e3o da escravatura em Porto Rico \/ 1873<br \/>25 &#8211; Nascimento de Aristides Barbosa, jornalista, educador e ex-militante da Frente Negra \/ 1920<br \/>30 &#8211; Os homens afro-americanos conquistam direito de voto nos EUA \/ 1870<\/b><\/p>\n<p><b>ABRIL<\/b><\/p>\n<p><b>01 &#8211; Primeiro Festival Mundial de Arte Negra, Dakar, Senegal \/ 1966<br \/>01 &#8211; Cria\u00e7\u00e3o do Partido dos Panteras Negras, EUA \/ 1967<br \/>04 &#8211; Assassinato de Martin Luther King Jr., Memphis, EUA \/1968<br \/>04 &#8211; Cria\u00e7\u00e3o do bloco afro Agbara Dudu, Rio de Janeiro, RJ \/ 1982<br \/>04 &#8211; Independ\u00eancia do Senegal \/ 1960<br \/>05 &#8211; Nasce o grande capoeirista Vicente Ferreira Pastinha, &#8220;Mestre Pastinha&#8221; \/ 1888<br \/>05 &#8211; Nasce o compositor Joaquim Maria dos Santos, Donga, autor de Pelo Telefone, primeiro samba gravado<br \/>07 &#8211; Dia da Mulher Mo\u00e7ambicana <br \/>12 &#8211; Nasce Esmeraldo Tarqu\u00ednio, deputado estadual e prefeito de Santos \/ 1927<br \/>15 &#8211; Nasce o compositor do Hino \u00e0 Bandeira, o negro Ant\u00f4nio Francisco Braga \/ 1868<br \/>19 &#8211; Independ\u00eancia de Serra Leoa \/ 1961<br \/>19 &#8211; Dia do \u00cdndio<br \/>23 &#8211; Nascimento de Pixinguinha, m\u00fasico \/ 1898<br \/>25 &#8211; O Bloco Afro Olodum \u00e9 criado em Salvador, BA \/1979<br \/>26 &#8211; Nasce Benedita da Silva, primeira mulher negra a ocupar o cargo de governadora \/ 1942<br \/>26 &#8211; Iniciam-se as primeiras elei\u00e7\u00f5es multirraciais na \u00c1frica do Sul \/ 1994<br \/>27 &#8211; Independ\u00eancia do Togo<\/b><\/p>\n<p><b>MAIO<\/b><\/p>\n<p><b>01 &#8211; Dia Mundial do Trabalhador<br \/>03 &#8211; Nascimento do ge\u00f3grafo Milton Santos, que revolucionou a Geografia, dando-lhe um enfoque humanista<br \/>13 &#8211; Dia Nacional de Den\u00fancia contra o Racismo<br \/>13 &#8211; Nascimento do escritor pr\u00e9-modernista Lima Barreto \/ 1881<br \/>13 &#8211; Dia dos Pretos Velhos<br \/>13 &#8211; Aboli\u00e7\u00e3o da escravatura no Brasil \/ 1888 <br \/>18 &#8211; Cria\u00e7\u00e3o do Conselho Nacional de Mulheres Negras, no Rio de Janeiro \/ 1950<br \/>23 &#8211; Nascimento do poeta Carlos de Assump\u00e7\u00e3o, autor do c\u00e9lebre poema Protesto<br \/>25 &#8211; Cria\u00e7\u00e3o da Organiza\u00e7\u00e3o da Unidade Africana &#8211; OUA \/ 1963<br \/>25 &#8211; Dia da Liberta\u00e7\u00e3o da \u00c1frica, promovido pela ONU \/ 1972<\/b><\/p>\n<p><b>JUNHO<\/b><\/p>\n<p><b>05 &#8211; Dia de Solidariedade ao Povo Mo\u00e7ambicano<br \/>06 &#8211; Morre o jamaicano Marcus Garvey, mentor do Pan-africanismo \/ 1940<br \/><\/b><b>21 &#8211; Nascimento de Lu\u00eds Gama &#8211; jornalista, poeta e um dos gigantes da causa abolicionista \/ 1830<\/b><b><br \/>21 &#8211; Nascimento de Machado de Assis \/ 1839<br \/>24 &#8211; Nascimento de Jo\u00e3o C\u00e2ndido, o &#8220;Almirante Negro&#8221;, l\u00edder da Revolta da Chibata<br \/>25 &#8211; Independ\u00eancia de Mo\u00e7ambique, \u00c1frica \/ 1975<br \/>26 &#8211; Independ\u00eancia da Som\u00e1lia \/ 1960<br \/>30 &#8211; Independ\u00eancia do Zaire, \u00c1frica\/ 1960<\/b><\/p>\n<p><b>JULHO<\/b><\/p>\n<p><b>01 &#8211; Independ\u00eancia de Ruanda, \u00c1frica \/ 1960<br \/>01 &#8211; Independ\u00eancia de Burundi, \u00c1frica \/ 1962<br \/>02 &#8211; Nascimento de Franz Fanon, m\u00e9dico psiquiatra e revolucion\u00e1rio \/ 1921<br \/>02 &#8211; Nascimento de Patrice Lumumba \/ 1925<br \/>03 &#8211; Aprovada a Lei Afonso Arinos, colocando a discrimina\u00e7\u00e3o racial como contraven\u00e7\u00e3o penal \/ 1951<br \/>03 &#8211; Independ\u00eancia da Arg\u00e9lia, \u00c1frica \/ 1962<br \/>05 &#8211; Independ\u00eancia de Cabo Verde \/ 1975<br \/><\/b><b>07 &#8211; Leitura, em frente ao Teatro Municipal, de carta aberta \u00e0 na\u00e7\u00e3o contra o racismo, inaugurando o Movimento Negro Unificado Contra a Discrimina\u00e7\u00e3o Racial (depois MNU) \/ 1978<\/b><b><br \/>08 &#8211; Funda\u00e7\u00e3o do Instituto de Pesquisas da Cultura Negra (IPCN), Rio de Janeiro \/ 1975<br \/>12 &#8211; Independ\u00eancia de S\u00e3o Tom\u00e9 e Pr\u00edncipe \/ 1975<br \/>15 &#8211; Ocorre a primeira Confer\u00eancia sobre a Mulher Negra nas Am\u00e9ricas, Equador \/ 1984<br \/>17 &#8211; O ator Grande Otelo recebe o t\u00edtulo de Cidad\u00e3o Paulistano \/ 1978<br \/>18 &#8211; Nascimento do l\u00edder sul-africano Nelson Mandela \/ 1918<br \/>24 &#8211; Nascimento do poeta Solano Trindade, em Pernambuco \/ 1908<br \/>25 &#8211; <\/b><strong><b>Dia da Mulher Afro-latino-americana e Caribenha <br \/><\/b><\/strong><b>26 &#8211; Independ\u00eancia da Lib\u00e9ria, \u00c1frica\/ 1846<\/b><\/p>\n<p><b>AGOSTO<\/b><\/p>\n<p><b>01 &#8211; Independ\u00eancia do Benin, \u00c1frica\/ 1975<br \/>03 &#8211; Independ\u00eancia do N\u00edger, \u00c1frica \/ 1960<br \/>07 &#8211; Independ\u00eancia da Jamaica \/ 1962<br \/>07 &#8211; Independ\u00eancia da Costa do Marfim \/ 1960<br \/>08 &#8211; Em Lagos (atual Nig\u00e9ria) \u00e9 registrado o primeiro ato de escravid\u00e3o, por Portugal \/ 1444<br \/>10 &#8211; Morre o padre Batista, um dos fundadores do Instituto do Negro e dos Agentes de Pastoral Negros \/ 1991<br \/>12 &#8211; \u00c9 publicado o manifesto dos conjurados baianos da Revolta dos Alfaiates, protestando contra os impostos, a escravid\u00e3o dos negros e exigindo independ\u00eancia e liberdade \/ 1798<br \/>14 &#8211; Morre a Ialorix\u00e1 M\u00e3e Menininha do Gantois \/ 1986<br \/>15 &#8211; Independ\u00eancia do Congo, \u00c1frica \/ 1960<br \/>17 &#8211; Nascimento do pan-africanista Marcus Garvey \/ 1887<br \/>19 &#8211; Independ\u00eancia do Gab\u00e3o \/ 1960<br \/>23 &#8211; Nascimento de Jos\u00e9 Correia Leite, fundador do jornal O Clarim da Alvorada \/ 1900<br \/>24 &#8211; Primeiro Congresso de Cultura Negra das Am\u00e9ricas, na Col\u00f4mbia \/ 1977<br \/>24 &#8211; Morte do abolicionista Lu\u00eds Gama \/ 1882<br \/>28 &#8211; Primeira Marcha de Negros sobre Washington, em favor dos direitos civis, EUA \/ 1963<br \/>29 &#8211; Nascimento de Antonio Francisco Lisboa, o Aleijadinho, escultor, entalhador e arquiteto<\/b><\/p>\n<p><b>SETEMBRO<\/b><\/p>\n<p><b>04 &#8211; Promulga\u00e7\u00e3o da lei Euz\u00e9bio de Queiroz, extinguindo o tr\u00e1fico de escravos no Brasil \/ 1850<br \/>07 &#8211; Cria\u00e7\u00e3o do Grupo Uni\u00e3o e Consci\u00eancia Negra do Brasil \/ 1981<br \/>10 &#8211; Morte do l\u00edder angolano Agostinho Neto \/ 1979<br \/>11 &#8211; Independ\u00eancia do Senegal, \u00c1frica \/ 1960<br \/>14 &#8211; \u00c9 fundado o jornal O Homem de Cor, o primeiro da imprensa negra brasileira \/ 1833<br \/>16 &#8211; Funda\u00e7\u00e3o da Frente Negra Brasileira, maior entidade da primeira metade do s\u00e9culo, primeiro partido pol\u00edtico de afro-descendentes\/ 1931<br \/>18 &#8211; Circula o primeiro n\u00famero do jornal A Voz da Ra\u00e7a, jornal da Frente Negra \/ 1933<br \/>18 &#8211; Decreto do Presidente Get\u00falio Vargas diz que o Brasil precisa desenvolver, em rela\u00e7\u00e3o \u00e0 imigra\u00e7\u00e3o, &#8220;as caracter\u00edsticas mais convenientes de sua ascend\u00eancia europ\u00e9ia&#8221; <br \/>21 &#8211; Independ\u00eancia do Mali \/ 1960<br \/>22 &#8211; Liberta\u00e7\u00e3o jur\u00eddica dos escravos nos EUA \/ 1862<br \/>22 &#8211; Independ\u00eancia do Mali, \u00c1frica \/ 1960<br \/>24 &#8211; Independ\u00eancia da Guin\u00e9-Bissau, \u00c1frica \/ 1973<br \/>27 &#8211; Dia dos Idosos<br \/>28 &#8211; Aprovada a Lei do Ventre Livre \/ 1871<br \/>28 &#8211; Assinada a Lei do Sexagen\u00e1rio \/ 1885<\/b><\/p>\n<p><b>OUTUBRO<\/b><\/p>\n<p><b>01 &#8211; Independ\u00eancia da Nig\u00e9ria, \u00c1frica \/ 1960<br \/>01 &#8211; Funda\u00e7\u00e3o, na PUC, do N\u00facleo de Estudos Afro-Brasileiros &#8211; NEAFRO<br \/>02 &#8211; Independ\u00eancia da Guin\u00e9, \u00c1frica \/ 1958<br \/>07 &#8211; Dia de Nossa Senhora do Ros\u00e1rio, patrona dos negros<br \/>09 &#8211; Nascimento, em S\u00e3o Paulo, do poeta, ensa\u00edsta e cr\u00edtico M\u00e1rio de Andrade, de ascend\u00eancia afro nem sempre lembrada \/ 1893<br \/>10 &#8211; Morre Francisco Lucr\u00e9cio, Secret\u00e1rio da Frente Negra Brasileira, em S\u00e3o Paulo \/ 2001<br \/>11 &#8211; Nascimento do compositor e cantor Agenor de Oliveira, o Cartola \/ 1908 <br \/>12 &#8211; Come\u00e7a a devo\u00e7\u00e3o a Nossa Senhora Aparecida, quilombola negra, padroeira do Brasil, a partir de 1717<br \/>13 &#8211; \u00c9 fundado o Teatro Experimental do Negro no Rio de Janeiro \/ 1944<br \/>14 &#8211; Martin Luther King Jr. recebe o Pr\u00eamio Nobel da Paz \/ 1964<br \/>16 &#8211; O arcebispo Desmond Tutu recebe o Pr\u00eamio Nobel da Paz \/ 1984<br \/>16 &#8211; Wole Soyinka torna-se o primeiro africano a receber o Pr\u00eamio Nobel de Literatura \/ 1986<br \/>24 &#8211; Nascimento de Esmeralda Ribeiro, poeta e uma das coordenadoras do Quilombhoje \/ 1958<br \/>24 &#8211; Nascimento do poeta e jornalista Oswaldo de Camargo, co -fundador do Quilombhoje \/ 1936<br \/>26 &#8211; Dia Nacional da Juventude<br \/>31 &#8211; Nascimento de Luiz Silva &#8211; Cuti, poeta, dramaturgo e co-fundador do Quilombhoje \/ 1951<\/b><\/p>\n<p><b>NOVEMBRO<\/b><\/p>\n<p><b>01 &#8211; \u00c9 criado o Bloco Afro Il\u00ea Ayi\u00ea, Salvador, BA\/ 1974<br \/>01 &#8211; Morte do escritor Lima Barreto \/ 1922<br \/>04 &#8211; O MNU declara o 20 de novembro Dia Nacional da Consci\u00eancia Negra \/ 1978<br \/>10 &#8211; O governo M\u00e9dici pro\u00edbe em toda a imprensa not\u00edcias sobre \u00edndios, esquadr\u00e3o da morte, guerrilha, movimento negro e discrimina\u00e7\u00e3o racial \/ 1969<br \/>11 &#8211; Independ\u00eancia de Angola \/ 1975 <br \/>11 &#8211; Independ\u00eancia do Zimbabwe \/1980<\/b><b><br \/><\/b><b>19 &#8211; Nascimento de Paulo Lauro &#8211; primeiro prefeito negro de S\u00e3o Paulo, SP \/ 1907<br \/>19 &#8211; Publica\u00e7\u00e3o de despacho de Rui Barbosa ordenando a queima de livros e documentos referentes \u00e0 escravid\u00e3o negra no Brasil<br \/>19 &#8211; Lan\u00e7amento do primeiro volume de Cadernos Negros \/1978<br \/>20 &#8211; Morte de Zumbi, l\u00edder do quilombo dos Palmares \/1695<br \/>20 &#8211; Dia Nacional da Consci\u00eancia Negra<br \/>20 &#8211; O grupo ga\u00facho Palmares declara o 20 como Dia do Negro \/ 1975<br \/>24 &#8211; Nascimento, em Santa Catarina, de Cruz e Souza, o maior poeta simbolista brasileiro \/ 1861<br \/>24 &#8211; Cria\u00e7\u00e3o, em S\u00e3o Paulo, da Feira Preta (2002)<\/b><\/p>\n<p><b>DEZEMBRO<\/b><\/p>\n<p><b>02 &#8211; Dia Nacional do Samba<br \/>02 &#8211; Nascimento de mestre Didi, em Salvador, BA<br \/>02 &#8211; Nascimento de Francisco de Paula Brito, primeiro editor <\/b><b>brasileiro, em Mag\u00e9, RJ \/ 1809<\/b><b><br \/>05 &#8211; A Constitui\u00e7\u00e3o pro\u00edbe negros e leprosos de frequentar escolas no Brasil \/ 1824<br \/>08 &#8211; Dia de Oxum<br \/>10 &#8211; Comemora\u00e7\u00e3o da Declara\u00e7\u00e3o Universal dos Direitos Humanos<br \/>12 &#8211; Independ\u00eancia do Qu\u00eania \/ 1963<br \/><\/b>14 &#8211; Nascimento de M\u00e1rcio Barbosa, autor, <b>um dos coordenadores do Quilombhoje e organizadores de Cadernos Negros<\/b> \/ 1959<b><br \/>20 &#8211; A lei 7437 condena o tratamento discriminat\u00f3rio no mercado de trabalho, por motivo de ra\u00e7a ou de cor<br \/>29 &#8211; Nascimento, no Senegal, do Cheik Anta Diop, autor de um trabalho de revis\u00e3o da hist\u00f3ria africana<\/b><\/p>\n<p><b>Calend\u00e1rio elaborado a partir das seguintes fontes:<\/b><\/p>\n<p><b>&#8211; Agenda Afro-Brasileira 1997. Org.: Ac\u00e1cio S. Almeida \/ Lucilene Reginaldo<br \/>&#8211; Calend\u00e1rio Beleza Negra. Org.: Greni. Grupo de reflex\u00e3o sobre a vida religiosa, negra e ind\u00edgena \/ CRB. Rio de Janeiro: Vozes 1998<br \/>&#8211; Mem\u00f3ria Afro-brasileira. Calend\u00e1rio 2002 do Conselho de Part. e Des. da Com. Negra de S. Paulo.<\/b><\/p>\n<p>Este foi o primeiro calend\u00e1rio afro da internet, o calend\u00e1rio afro original. Elaborado a partir das importantes e pioneiras fontes acima.<\/p>\n","protected":false},"excerpt":{"rendered":"<p>Janeiro &#8211; Fevereiro &#8211; Mar\u00e7o &#8211; Abril &#8211; Maio &#8211; Junho Julho &#8211; Agosto &#8211; Setembro &#8211; Outubro &#8211; Novembro &#8211; Dezembro Organizado por m\u00eas\/dia &#8211; evento\/ano JANEIRO 01 &#8211; Dia Mundial da Paz 01 &#8211; Independ\u00eancia do Haiti \/1804 02 &#8211; Funda\u00e7\u00e3o da Irmandade do Ros\u00e1rio dos Homens Pretos, em S\u00e3o Paulo, SP \/1771 [&hellip;]<\/p>\n","protected":false},"author":1,"featured_media":0,"parent":0,"menu_order":0,"comment_status":"closed","ping_status":"closed","template":"","meta":[],"_links":{"self":[{"href":"https:\/\/www.quilombhoje.com.br\/site\/wp-json\/wp\/v2\/pages\/52"}],"collection":[{"href":"https:\/\/www.quilombhoje.com.br\/site\/wp-json\/wp\/v2\/pages"}],"about":[{"href":"https:\/\/www.quilombhoje.com.br\/site\/wp-json\/wp\/v2\/types\/page"}],"author":[{"embeddable":true,"href":"https:\/\/www.quilombhoje.com.br\/site\/wp-json\/wp\/v2\/users\/1"}],"replies":[{"embeddable":true,"href":"https:\/\/www.quilombhoje.com.br\/site\/wp-json\/wp\/v2\/comments?post=52"}],"version-history":[{"count":52,"href":"https:\/\/www.quilombhoje.com.br\/site\/wp-json\/wp\/v2\/pages\/52\/revisions"}],"predecessor-version":[{"id":1743,"href":"https:\/\/www.quilombhoje.com.br\/site\/wp-json\/wp\/v2\/pages\/52\/revisions\/1743"}],"wp:attachment":[{"href":"https:\/\/www.quilombhoje.com.br\/site\/wp-json\/wp\/v2\/media?parent=52"}],"curies":[{"name":"wp","href":"https:\/\/api.w.org\/{rel}","templated":true}]}}