{"id":294,"date":"2018-03-11T22:42:01","date_gmt":"2018-03-12T01:42:01","guid":{"rendered":"http:\/\/www.quilombhoje.com.br\/livraria\/?post_type=product&#038;p=294"},"modified":"2021-06-05T00:11:03","modified_gmt":"2021-06-05T03:11:03","slug":"escrevivencias-identidade-genero-e-violencia-na-obra-de-conceicao-evaristo","status":"publish","type":"product","link":"https:\/\/www.quilombhoje.com.br\/livraria\/index.php\/produto\/escrevivencias-identidade-genero-e-violencia-na-obra-de-conceicao-evaristo\/","title":{"rendered":"Escreviv\u00eancias: Identidade, G\u00eanero e Viol\u00eancia na Obra de Concei\u00e7\u00e3o Evaristo"},"content":{"rendered":"<p><img loading=\"lazy\" class=\"alignnone size-medium wp-image-360\" src=\"http:\/\/www.quilombhoje.com.br\/livraria\/wp-content\/uploads\/2018\/03\/escrevivencias-capa-1-200x300.jpg\" alt=\"\" width=\"200\" height=\"300\" srcset=\"https:\/\/www.quilombhoje.com.br\/livraria\/wp-content\/uploads\/2018\/03\/escrevivencias-capa-1-200x300.jpg 200w, https:\/\/www.quilombhoje.com.br\/livraria\/wp-content\/uploads\/2018\/03\/escrevivencias-capa-1-500x750.jpg 500w, https:\/\/www.quilombhoje.com.br\/livraria\/wp-content\/uploads\/2018\/03\/escrevivencias-capa-1-67x100.jpg 67w, https:\/\/www.quilombhoje.com.br\/livraria\/wp-content\/uploads\/2018\/03\/escrevivencias-capa-1-768x1153.jpg 768w, https:\/\/www.quilombhoje.com.br\/livraria\/wp-content\/uploads\/2018\/03\/escrevivencias-capa-1-682x1024.jpg 682w, https:\/\/www.quilombhoje.com.br\/livraria\/wp-content\/uploads\/2018\/03\/escrevivencias-capa-1.jpg 1102w\" sizes=\"(max-width: 200px) 100vw, 200px\" \/><\/p>\n<p>O pagamento deste livro pode ser feito por boleto. O livro ser\u00e1 enviado ap\u00f3s a compensa\u00e7\u00e3o do boleto.<\/p>\n","protected":false},"excerpt":{"rendered":"<p>Dividido em cinco partes, este livro traz ensaios de pesquisadorxs que se debru\u00e7aram sobre os textos de Concei\u00e7\u00e3o e extraem deles os m\u00faltiplos significados, abordando temas como trauma e mem\u00f3ria, o corpo negro e a magia da palavra. Concei\u00e7\u00e3o Evaristo, ao lado de outras escritoras afro-brasileiras contempor\u00e2neas, atualiza uma tradi\u00e7\u00e3o que tem no passado refer\u00eancias como Maria Firmina e Carolina de Jesus e que vem ampliando o leque de possibilidades de participa\u00e7\u00e3o da mulher negra na literatura.<\/p>\n<p>Const\u00e2ncia Lima Duarte, Cristiane C\u00f4rtes, Maria do Ros\u00e1rio A. Pereira s\u00e3o as organizadoras.<\/p>\n<p>&nbsp;<\/p>\n","protected":false},"featured_media":360,"template":"","meta":[],"product_cat":[36],"product_tag":[38,37,22],"_links":{"self":[{"href":"https:\/\/www.quilombhoje.com.br\/livraria\/index.php\/wp-json\/wp\/v2\/product\/294"}],"collection":[{"href":"https:\/\/www.quilombhoje.com.br\/livraria\/index.php\/wp-json\/wp\/v2\/product"}],"about":[{"href":"https:\/\/www.quilombhoje.com.br\/livraria\/index.php\/wp-json\/wp\/v2\/types\/product"}],"wp:featuredmedia":[{"embeddable":true,"href":"https:\/\/www.quilombhoje.com.br\/livraria\/index.php\/wp-json\/wp\/v2\/media\/360"}],"wp:attachment":[{"href":"https:\/\/www.quilombhoje.com.br\/livraria\/index.php\/wp-json\/wp\/v2\/media?parent=294"}],"wp:term":[{"taxonomy":"product_cat","embeddable":true,"href":"https:\/\/www.quilombhoje.com.br\/livraria\/index.php\/wp-json\/wp\/v2\/product_cat?post=294"},{"taxonomy":"product_tag","embeddable":true,"href":"https:\/\/www.quilombhoje.com.br\/livraria\/index.php\/wp-json\/wp\/v2\/product_tag?post=294"}],"curies":[{"name":"wp","href":"https:\/\/api.w.org\/{rel}","templated":true}]}}

Escrevivências: Identidade, Gênero e Violência na Obra de Conceição Evaristo

<p><img loading="lazy" class="alignnone size-medium wp-image-360" src="http://www.quilombhoje.com.br/livraria/wp-content/uploads/2018/03/escrevivencias-capa-1-200x300.jpg" alt="" width="200" height="300" srcset="https://www.quilombhoje.com.br/livraria/wp-content/uploads/2018/03/escrevivencias-capa-1-200x300.jpg 200w, https://www.quilombhoje.com.br/livraria/wp-content/uploads/2018/03/escrevivencias-capa-1-500x750.jpg 500w, https://www.quilombhoje.com.br/livraria/wp-content/uploads/2018/03/escrevivencias-capa-1-67x100.jpg 67w, https://www.quilombhoje.com.br/livraria/wp-content/uploads/2018/03/escrevivencias-capa-1-768x1153.jpg 768w, https://www.quilombhoje.com.br/livraria/wp-content/uploads/2018/03/escrevivencias-capa-1-682x1024.jpg 682w, https://www.quilombhoje.com.br/livraria/wp-content/uploads/2018/03/escrevivencias-capa-1.jpg 1102w" sizes="(max-width: 200px) 100vw, 200px" /></p>
<p>O pagamento deste livro pode ser feito por boleto. O livro será enviado após a compensação do boleto.</p>

<p>Dividido em cinco partes, este livro traz ensaios de pesquisadorxs que se debruçaram sobre os textos de Conceição e extraem deles os múltiplos significados, abordando temas como trauma e memória, o corpo negro e a magia da palavra. Conceição Evaristo, ao lado de outras escritoras afro-brasileiras contemporâneas, atualiza uma tradição que tem no passado referências como Maria Firmina e Carolina de Jesus e que vem ampliando o leque de possibilidades de participação da mulher negra na literatura.</p>
<p>Constância Lima Duarte, Cristiane Côrtes, Maria do Rosário A. Pereira são as organizadoras.</p>
<p>&nbsp;</p>
